 Calculate the highest common divisor of 13 and q.
13
Let o = -3 + 4. Suppose 2 = n + o. Calculate the highest common factor of 5 and n.
1
Suppose 4*t - 15 = 3*i, -3 = t - 6*i + 3*i. Let b be (t/15)/(5/75). Calculate the greatest common divisor of 6 and b.
6
Let k be 2*1*(-180)/(-8). Let x = -24 + k. Calculate the greatest common divisor of x and 7.
7
Suppose 2*v = 95 - 15. Calculate the greatest common factor of 16 and v.
8
Suppose 4*v - 96 = -0*v. Let u be 50 + 3/(-6)*(6 + -2). Calculate the highest common divisor of v and u.
24
Let g be (-144)/(-90) - (-4)/10. What is the highest common factor of 26 and g?
2
Suppose 3*t + 0*t + 18 = 0. Let w be 87 - (0 + (t - -3)). What is the highest common factor of 10 and w?
10
Let r = -28 - -70. Calculate the greatest common divisor of 168 and r.
42
Suppose b = 4*b. Suppose t - 1 = -3*m, b + 3 = -m. Suppose 267 = 3*s - 0*a - a, 4*s = 3*a + 351. What is the greatest common divisor of t and s?
10
Suppose -47 = -g - 3*w + 91, 0 = -5*g - 3*w + 690. Suppose -g = -5*n - 33. Calculate the highest common divisor of 7 and n.
7
Let a be (21/6)/((-4)/(-8)). Suppose -x + 3*c = 7, 4*x - 5*c - 2 = -3*c. Let b be (-154)/(0 + x)*-1. What is the greatest common factor of b and a?
7
Suppose -2*x + 3*q - 41 = 0, 5*x - q + 115 = 4*q. Let u be (x/(-5))/((-12)/(-30)). Calculate the highest common factor of 14 and u.
14
Let s = 10 - 6. Let l = 19 - s. What is the greatest common factor of 3 and l?
3
Let r(n) be the first derivative of n**4/4 - n**2/2 - 2. Let i be r(5). Suppose -3*f + f = -i. What is the greatest common divisor of f and 24?
12
Let t be 37/(-6) - 2/(-12). Let l be 36/(-8)*4/t. What is the greatest common divisor of l and 1?
1
Suppose -5*n + 0*w = 4*w - 9, -16 = 4*w. What is the highest common factor of 40 and n?
5
Let b = 70 + 15. Let z = -52 + b. What is the greatest common factor of z and 22?
11
Let z = 67 - 27. What is the highest common factor of 10 and z?
10
Let h be (-2)/7 - 148/(-28). Suppose 0 = -2*q, -h*q = -2*w - 2*q + 592. Let s = w - 188. Calculate the highest common factor of s and 12.
12
Let w be (-12)/(-8)*16/6. Suppose w*x + 57 = 7*x. What is the highest common divisor of 57 and x?
19
Let x be 26/5*(-3 - -23). Suppose -3*z - 19 + 1 = -3*m, 3*z - 3 = 0. Suppose -m*c + 2*c = -65. What is the greatest common factor of x and c?
13
Suppose 0 = -m + 1 + 1. Let w be -3*(10/(-6) - m). Suppose -3*u = -107 - 124. Calculate the highest common factor of w and u.
11
Let g(i) = i**3 - i**2 + i - 194. Let w be g(0). Let s = w + 293. Let v be (-2)/(-7) + 675/63. Calculate the greatest common divisor of v and s.
11
Suppose c + 3*c + 136 = 0. Let q = c + 82. Calculate the highest common factor of q and 6.
6
Let y(d) = d**3 + 14*d**2 + 12*d + 4. Let m be y(-13). Calculate the highest common divisor of m and 102.
17
Let k(p) = -p**3 + 5*p**2. Let r be k(4). Calculate the highest common divisor of 112 and r.
16
Suppose 0*b = 4*c - 5*b - 52, 5*c + 5*b - 65 = 0. What is the greatest common divisor of 52 and c?
13
Let l(j) = 12*j - 2. Let w be l(6). Let u = 28 - 14. Calculate the greatest common factor of u and w.
14
Let w(g) = g**2 - 7. Let z be (-136)/14 - 4/14. Let m be (2 - 1)/(2/z). Let j be w(m). Calculate the greatest common factor of j and 9.
9
Suppose 7*s - 5*s - 991 = -3*z, 658 = 2*z + 2*s. What is the highest common factor of 37 and z?
37
Let l be -1*(-15 + 2 - -2). Suppose -7 = o + 4*g, -5*g - 36 = -l. Calculate the greatest common divisor of o and 52.
13
Suppose 8*g = 3*b + 4*g - 164, -52 = -b + 2*g. What is the greatest common divisor of 90 and b?
30
Suppose -4 + 28 = 3*f. Let o(v) = -v + 1 + f + v**3 - 5*v**2 - 2*v**2. Let c be o(7). Calculate the highest common divisor of c and 8.
2
Suppose 72 = 2*t + 7*t. What is the highest common factor of 88 and t?
8
Suppose 15*m - 11*m - 840 = 0. What is the greatest common divisor of m and 21?
21
Suppose -h + 0 = -22. Let i = -40 - -95. Calculate the greatest common factor of i and h.
11
Suppose u + 4*u = -5. Let h be ((-1)/u)/(5/15). What is the greatest common factor of 3 and h?
3
Suppose -4*a = -a + 12, -5*o - 5*a = -340. Let w = 25 + -6. Suppose -4*z + w = -17. What is the greatest common factor of z and o?
9
Let z = -3 + 12. Suppose -6 + 25 = -5*c - 2*f, 0 = 5*c - 5*f + 5. Let p be 9/(c/(-15) - 0). What is the greatest common factor of z and p?
9
Let n be ((-196)/(-12))/((-1)/(-3)). Suppose 0 = 4*k + 4*l - 32 + 4, 3*k - 4*l = n. What is the highest common factor of 11 and k?
11
Let v = -7 + 10. Let r be 4/(-14) + 116/14. Suppose r = -t + 5*t. Calculate the greatest common divisor of t and v.
1
Let m = -5 - -2. Let n be -10*((-42)/10 - m). What is the greatest common factor of n and 8?
4
Suppose -i = f - 154, -2*i - 3*f = -8*f - 322. Let q = i + -93. What is the highest common factor of 7 and q?
7
Let k = -3 - -41. Suppose 2*x - 40 = k. Suppose 0 = 2*w + w - 39. Calculate the greatest common factor of x and w.
13
Let h(t) = 48*t - 1. Let u be h(-1). Let w = u - -69. What is the highest common factor of 30 and w?
10
Let b = 19 - 19. Suppose 0 = -4*u - b*p + 4*p + 16, 0 = -4*p + 12. What is the greatest common factor of 7 and u?
7
Let f be ((-1)/(-1))/(2/(-8)). Let x(m) = 4*m**2 - m + 2. Let q be x(f). Suppose 5*d - 14 = 3*d. Calculate the greatest common divisor of q and d.
7
Let g be 3*((-8)/(-3) - 0). Let n be 0/(-3)*(-3)/6. Suppose n*i = -3*i + 15, 0 = -3*z - i + 8. What is the greatest common factor of g and z?
1
Let l(a) = -a - 7. Let z be l(-12). Suppose -5*h - 5*v = -h - 47, z*v = 15. What is the highest common divisor of h and 1?
1
Suppose x + 0*x + 32 = 0. Let f be (-1)/((-1)/(1 - x)). Suppose 3*s + 9 = f. Calculate the greatest common factor of 32 and s.
8
Suppose -5*o = -3*f - 47 - 53, -f = -2*o + 39. What is the highest common divisor of 391 and o?
17
Suppose -3*v - 140 + 44 = 0. Let u = 59 + v. Calculate the highest common factor of 18 and u.
9
Let n(w) = 23*w**2 - 3*w - 5. Let p be n(-1). Suppose -2*l + 6*l = 756. Calculate the greatest common divisor of l and p.
21
Suppose g = -0*g + 33. Let n = -21 + g. What is the greatest common divisor of n and 4?
4
Let l be (-136)/(-10) - (-9)/(-15). Let p(i) = i**2 + 2*i + 5. Let c be p(-4). What is the highest common factor of c and l?
13
Let d(a) = 11*a**2 + 2. Let o be d(-3). Let f be (-22)/(-1*2/8). Suppose -4*r = -4*i - f, 5*r = -2*i + 2 + o. Calculate the highest common factor of r and 14.
7
Suppose 3*i = 75 + 6. Let o(q) = 4*q**2 + q + 4. Let n be o(-2). What is the highest common divisor of i and n?
9
Suppose 4*l = -j - 36, 5*j + 53 - 9 = -3*l. Let t = 4 - l. Suppose -2*f + 0*i = 4*i - 22, 4*i - t = 0. What is the greatest common factor of f and 35?
5
Let q be 5 - 4 - -1*3. Suppose 3*d + 3*a - 237 = 0, q*a - 162 = -3*d + d. What is the greatest common divisor of d and 7?
7
Let n be (-4 - -2)*(-33)/6. Calculate the greatest common divisor of n and 55.
11
Let p = 148 - 41. Suppose -4*c = -p + 43. Suppose b = -3*b + 16. What is the highest common factor of c and b?
4
Let o(g) = -29*g + 1. Suppose 24 = i - 5*i. Let y be o(i). Suppose y = 2*h - 0*h + 5*s, 4*h - 311 = 3*s. What is the greatest common factor of h and 10?
10
Suppose 0*v + 12 = 3*v. Let a be (384/60)/(4/10). What is the highest common divisor of v and a?
4
Let l = -69 + 80. What is the greatest common divisor of l and 187?
11
Suppose -52 - 20 = -3*g. Suppose -5*z = -u - 19, -3*u = -5*z - 3 + 30. What is the greatest common factor of g and z?
3
Let d = -84 + 91. Calculate the greatest common divisor of 7 and d.
7
Let f = -2 - -83. Calculate the highest common divisor of 27 and f.
27
Let v(h) = -113*h - 1. Suppose 3*r + z = 3 - 1, 5*z - 24 = -r. Let l be v(r). Calculate the highest common divisor of l and 16.
16
Let m = -5 + 32. Let i(d) = -m*d - 1 + 3 - 8*d. Let b be i(-2). What is the greatest common factor of b and 8?
8
Let d be (1 + (-34)/(-4))*416/52. Suppose x - t = 18, -4*t = 4*x + x - 99. Calculate the greatest common divisor of x and d.
19
Suppose 3*k + 12*k = 90. What is the greatest common divisor of k and 12?
6
Suppose 22 + 350 = 4*p. Let f = -37 + p. What is the greatest common factor of 14 and f?
14
Suppose 4*h - 276 = -2*n, 5*n + 4*h - 283 = 389. Calculate the greatest common factor of n and 12.
12
Suppose -2*i + 6*i - 176